et w(f) = -2*f**2 - 2*f - 1. What is w(4)?
-41
Let m(k) = k**3 + 9*k**2 - 10*k + 3. Determine m(-10).
3
Let a(j) = 3*j - 7. Calculate a(-6).
-25
Let v(j) = 2*j**2 - 5*j + 7. What is v(3)?
10
Let c(q) = -5*q**2 - 3*q + 3. Determine c(3).
-51
Let d(t) = t**3 + 8*t**2 - 9*t + 17. What is d(-6)?
143
Let f(r) = -7*r - 4. Calculate f(-1).
3
Let l(a) = -a + 6. Determine l(15).
-9
Let g(j) = j**2 + 12*j - 4. What is g(-8)?
-36
Let x(s) = -3*s - 83. What is x(-25)?
-8
Let u(r) = -135*r - 1888. What is u(-14)?
2
Let n(w) = -w**2 - 4*w - 9. Determine n(-4).
-9
Let v(h) = -5*h - 6. Give v(3).
-21
Let y(t) = -13*t**2 - 2*t - 1. Determine y(-1).
-12
Let r(t) = 4*t**3 - 7*t**2 + 8*t - 16. Determine r(2).
4
Let c(t) = -t**3 - 13*t**2 - 24*t - 10. Determine c(-11).
12
Let r(a) = a**2 + 18*a - 14. Give r(-17).
-31
Let t(u) = -u**2 - 6*u - 6. Determine t(-5).
-1
Let r(m) = 7*m + 26. Calculate r(2).
40
Let x(r) = -2*r**3 + 6*r**2 + 8*r - 4. Calculate x(4).
-4
Let x(l) = 2*l**2 - 18*l + 14. Give x(8).
-2
Let p(k) = -5*k + 82. Give p(14).
12
Let b(y) = -6*y - 131. Calculate b(-23).
7
Let c(w) = 3*w + 9. Calculate c(-6).
-9
Let m(f) = -f**3 + 5*f**2 + 10*f - 30. Give m(6).
-6
Let c(a) = -a**3 - 8*a**2 + 4*a + 61. Determine c(-7).
-16
Let z(n) = 2*n**2 + 9*n - 6. What is z(-5)?
-1
Let l(a) = -4*a + 2. Calculate l(-4).
18
Let q(j) = -6*j**3 + 2*j**2 - j - 1. Determine q(2).
-43
Let r(z) = 7*z + 49. What is r(-8)?
-7
Let m(k) = -k**2 - 1. Give m(2).
-5
Let d(v) = 10*v**2 + 17*v - 1. Calculate d(-4).
91
Let a(p) = -p**3 + 2*p**2 + 2*p + 7. What is a(3)?
4
Let u(y) = 2*y**3 + 33*y**2 - 21*y - 16. Calculate u(-17).
52
Let g(k) = k**3 - 8*k**2 + 6*k - 1. What is g(7)?
-8
Let s(g) = -g**2 - g - 1. Determine s(7).
-57
Let g(m) = -6*m - 24. Give g(-5).
6
Let o(k) = k**3 + 17*k**2 + 30*k + 8. Determine o(-14).
176
Let c(n) = n**3 + 12*n**2 - 3*n - 31. Give c(-12).
5
Let t(u) = -u**3 - 39*u**2 + 42*u + 81. Determine t(-40).
1
Let o(u) = 4*u**2 + 2*u - 1. Calculate o(-2).
11
Let o(f) = 5*f - 17. Give o(6).
13
Let f(r) = 5*r - 25. Determine f(12).
35
Let s(u) = 2*u**3 - 25*u**2 - 12*u + 7. Give s(13).
20
Let n(w) = w**3 + 4*w**2 - w - 6. Give n(-4).
-2
Let s(d) = -d**2 - 11*d - 19. Calculate s(-9).
-1
Let c(h) = -h**3 + 3*h**2 + 9*h + 3. Give c(5).
-2
Let r(z) = z**2 - 13*z + 7. Give r(12).
-5
Let b(s) = -2*s**3 - 54*s**2 + 2*s + 1. Give b(-27).
-53
Let q(w) = w**3 - 6*w**2 + w + 1. Determine q(6).
7
Let y(k) = k**2 + 3*k + 4. Give y(-3).
4
Let r(n) = -3*n + 14. Determine r(-12).
50
Let a(m) = m**2 + 2*m - 25. Give a(8).
55
Let x(g) = g**2 - 8*g + 14. Determine x(9).
23
Let m(b) = -b**2 - b + 6. Calculate m(-7).
-36
Let a(x) = 3*x**2 - 7*x + 4. Determine a(4).
24
Let l(u) = u**2 + 8*u + 3. Give l(-12).
51
Let k(b) = b - 2. Determine k(10).
8
Let f(x) = 13*x**3 + x**2 + x - 2. Calculate f(1).
13
Let l(y) = -5*y**3 + 8*y**2. Determine l(2).
-8
Let c(l) = 2*l + 3. Determine c(-5).
-7
Let t(u) = -4*u**2 - 86*u + 39. Calculate t(-22).
-5
Let a(h) = h**2 + 8*h + 10. Give a(-6).
-2
Let q(d) = -d**3 - 10*d**2 - 14*d + 18. Calculate q(-8).
2
Let o(v) = v**2 - 46*v + 352. What is o(10)?
-8
Let l(y) = -y**2 + 16*y - 35. What is l(14)?
-7
Let s(h) = -h**3 + 9*h**2 + 6*h - 18. Determine s(10).
-58
Let z(p) = -p**2 + 17*p + 59. Determine z(19).
21
Let t(r) = 2*r**2 + 18*r + 11. Determine t(-5).
-29
Let q(u) = u**3 + 47*u**2 - 2*u - 98. Give q(-47).
-4
Let m(r) = -r**3 + 10*r**2 + 10. Calculate m(10).
10
Let t(d) = -9*d + 47. What is t(4)?
11
Let u(b) = b**3 + 11*b**2 - 14*b + 12. Determine u(-12).
36
Let b(k) = k**2 - 13*k + 5. Give b(12).
-7
Let c(b) = 41*b - 251. Calculate c(6).
-5
Let f(i) = 5*i**2 + 31*i + 5. Determine f(-6).
-1
Let v(i) = 3*i**2 - 80*i + 252. Calculate v(23).
-1
Let d(t) = t**3 + 2*t**2 + 6*t + 6. Calculate d(-4).
-50
Let d(p) = -7*p**2 + p + 2. Give d(-1).
-6
Let f(v) = -v**2 + 5*v - 2. Calculate f(3).
4
Let v(o) = 2*o**2 - 15*o + 37. Give v(6).
19
Let y(l) = l**3 - 7*l**2 - 2*l + 2. Determine y(7).
-12
Let x(s) = 4*s**3 + s**2 - 1. What is x(2)?
35
Let m(v) = 2*v + 31. Give m(-7).
17
Let i(g) = 8*g + 7. Calculate i(6).
55
Let i(w) = 2*w - 1. What is i(0)?
-1
Let x(u) = -u**3 + 9*u**2 - 15*u - 1. What is x(7)?
-8
Let a(j) = 7*j - 4. What is a(10)?
66
Let g(w) = -2*w**2 + 11*w + 2. Calculate g(6).
-4
Let a(d) = d**2 - 2*d - 2. What is a(-3)?
13
Let c(o) = o**2 - 9*o - 26. Give c(0).
-26
Let h(g) = -41*g + 2. Give h(-1).
43
Let o(a) = -4*a + 42. Give o(11).
-2
Let v(s) = -s**2 - 25*s - 141. Calculate v(-8).
-5
Let n(l) = -l**2 - 5*l - 7. Determine n(-5).
-7
Let c(z) = z**2 - z + 13. Calculate c(6).
43
Let q(t) = 3*t**2 + 25*t + 4. What is q(-8)?
-4
Let z(b) = b**3 - 4*b**2 - 11*b + 5. Give z(6).
11
Let f(h) = h**2 + 4*h - 21. Give f(-7).
0
Let i(f) = -f**3 + 17*f**2 + 21*f - 40. Determine i(18).
14
Let g(f) = f - 20. Calculate g(16).
-4
Let p(y) = -y**2 + 53*y + 105. Calculate p(-2).
-5
Let s(m) = 3*m - 10. What is s(-6)?
-28
Let g(v) = -18*v - 143. Determine g(-10).
37
Let b(c) = -3*c + 5. Calculate b(-13).
44
Let s(g) = g**3 + 13*g**2 + 6*g - 67. What is s(-12)?
5
Let o(z) = -z - 7. Give o(-4).
-3
Let q(z) = -3*z + 36. Calculate q(22).
-30
Let j(z) = -2*z - 14. Give j(11).
-36
Let a(c) = -2*c**3 + 37*c**2 - 18*c + 1. Calculate a(18).
1
Let b(v) = 14*v + 53. Determine b(-5).
-17
Let n(t) = 4*t**2 + 18*t + 31. Give n(-2).
11
Let p(u) = -u - 15. Determine p(-13).
-2
Let a(u) = u**2 + 11*u. Calculate a(-10).
-10
Let n(s) = s + 4. Determine n(-5).
-1
Let i(z) = z**2 + 4*z + 4. Determine i(-3).
1
Let x(l) = 3*l. What is x(4)?
12
Let j(x) = -23*x - 174. Calculate j(-8).
10
Let d(s) = s**2 - 11*s + 10. Give d(12).
22
Let z(x) = -4*x**2 + 8*x - 3. Calculate z(2).
-3
Let k(n) = n**3 + 9*n**2 - 8*n + 14. Calculate k(-10).
-6
Let s(b) = -b - 17. What is s(-5)?
-12
Let f(j) = -5*j + 146. Give f(27).
11
Let p(z) = -6*z + 45. Give p(7).
3
Let z(b) = 5*b - 2. Give z(-4).
-22
Let y(d) = 4*d - 44. What is y(11)?
0
Let d(f) = -3*f + 5. Determine d(4).
-7
Let r(s) = -4*s - 20. What is r(-9)?
16
Let p(m) = -m**3 - 6*m**2 + m + 3. Determine p(-6).
-3
Let h(q) = 2*q**3 + 21*q**2 + 11*q + 17. Determine h(-10).
7
Let t(h) = -h**3 - 13*h**2 - 4*h - 1. Calculate t(-13).
51
Let p(m) = m**2 - 6*m + 23. Calculate p(0).
23
Let k(g) = -g**3 + g**2 + 16*g - 14. Give k(6).
-98
Let q(y) = -y**2 - 5*y - 7. Determine q(-5).
-7
Let d(s) = -s**3 + 2*s**2 - s - 7. Determine d(3).
-19
Let t(w) = w**3 - 17*w**2 + w - 21. Calculate t(17).
-4
Let n(o) = o + 6. What is n(7)?
13
Let i(b) = -17*b + 2. Calculate i(-2).
36
Let u(y) = y**3 + 34*y**2 - 37*y - 68. What is u(-35)?
2
Let s(f) = -f**3 - 16*f**2 - f - 11. Give s(-16).
5
Let i(h) = -3*h**2 + 9*h - 5. Give i(5).
-35
Let l(o) = o**3 + 8*o**2 - 108*o - 47. What is l(-15)?
-2
Let x(o) = 9*o**3 - 11*o + 4. Give x(-3).
-206
Let t(k) = -k**3 + 22*k**2 - 82*k - 28. Calculate t(17).
23
Let n(t) = 5*t. Determine n(-4).
-20
Let t(h) = -h**3 - 10*h**2 + 8*h - 27. Give t(-11).
6
Let x(y) = y**2 - 7*y - 10. Determine x(8).
-2
Let w(i) = i - 6. What is w(9)?
3
Let d(j) = -18*j + 209. Calculate d(12).
-7
Let w(z) = -2*z**3 - 18*z**2 + 42*z - 20. Determine w(-11).
2
Let z(q) = 7*q**2 + 4*q - 5. Determine z(1).
6
Let u(p) = p**2 + 17*p + 27. Calculate u(-13).
-25
Let q(z) = z**3 + 2*z**2 - 2*z + 8. What is q(-3)?
5
Let j(p) = p - 61. What is j(18)?
-43
Let y(f) = -f**3 - 9*f**2 - 30*f - 404. What is y(-10)?
-4
Let f(a) = 2*a**2 + 50*a + 93. Calculate f(-23).
1
Let w(h) = -h**2 + 12*h - 9. Calculate w(12).
-9
Let w(c) = c**3 + c**2 + 2*c - 6. What is w(0)?
-6
Let b(v) = -v**2 + 3*v + 7. What is b(8)?
-33
Let a(r) = -r**3 + 7*r**2 + 15*r - 41. Calculate a(8).
15
Let k(d) = 20*d - 6. Determine k(-1).
-26
Let m(d) = d**2 - 6*d + 1. Determine m(4).
-7
Let p(g) = -11*g - 5. Calculate p(-1).
6
Let m(v) = v**3 - 6*v**2 + 4*v - 3. What is m(4)?
-19
Let o(c) = -c - 12. Determine o(-9).
-3
Let x(q) = -28*q - 3. Calculate x(-1).
25
Let d(q) = -q**3 - 6*q**2 + 6*q + 1. Give d(-7).
8
Let n(x) = 6*x**2. Give n(-1).
6
Let f(k) = k**3 - 9*k**2 - 2*k + 12. What is f(9)?
-6
Let k(f) = f**3 + 8*f**2 - 13*f - 37. Calculate k(-9).
-1
Let o(z) = z**3 + 32*z**2 - 3*z - 34. Determine o(-32).
62
Let r(k) = -3*k**3 - 2*k**2 + 3*k + 4. Calculate r(-1).
2
Let k(s) = 3*s**2 + 4*s + 5. Determine k(-4).
